hat is the remainder when 83185 is divided by 81654?
1531
What is the remainder when 64230375 is divided by 2598?
21
What is the remainder when 1863017 is divided by 1635?
752
Calculate the remainder when 40698 is divided by 869.
724
Calculate the remainder when 352868 is divided by 9741.
2192
Calculate the remainder when 3349369 is divided by 6491.
13
Calculate the remainder when 343732 is divided by 3407.
3032
What is the remainder when 238544 is divided by 21123?
6191
What is the remainder when 1003708 is divided by 334434?
406
Calculate the remainder when 236578 is divided by 236122.
456
What is the remainder when 245449 is divided by 61362?
1
Calculate the remainder when 59285 is divided by 1715.
975
What is the remainder when 3334387 is divided by 18?
13
Calculate the remainder when 36930280 is divided by 473465.
10
Calculate the remainder when 7500780 is divided by 293.
273
Calculate the remainder when 119090 is divided by 59537.
16
Calculate the remainder when 481095 is divided by 72.
63
Calculate the remainder when 13769571 is divided by 288.
3
What is the remainder when 7168471 is divided by 49?
16
What is the remainder when 10226576 is divided by 12189?
5
What is the remainder when 133159 is divided by 7766?
1137
What is the remainder when 15454172 is divided by 12?
8
Calculate the remainder when 70854 is divided by 467.
337
Calculate the remainder when 21919443 is divided by 895.
893
What is the remainder when 42079 is divided by 74?
47
What is the remainder when 137939934 is divided by 59?
58
What is the remainder when 2830351 is divided by 219?
214
Calculate the remainder when 485810 is divided by 1082.
1074
What is the remainder when 1242937 is divided by 621463?
11
What is the remainder when 3131427719 is divided by 2910?
2909
What is the remainder when 263641326 is divided by 1264?
1262
What is the remainder when 1585775 is divided by 188?
183
Calculate the remainder when 608144 is divided by 1072.
320
Calculate the remainder when 2914571 is divided by 112.
107
Calculate the remainder when 2212 is divided by 1491.
721
What is the remainder when 29606 is divided by 80?
6
Calculate the remainder when 16827419 is divided by 31.
30
What is the remainder when 2220877 is divided by 65?
22
Calculate the remainder when 29595 is divided by 14073.
1449
What is the remainder when 12524620 is divided by 18073?
31
Calculate the remainder when 31534755 is divided by 126139.
5
What is the remainder when 10906737 is divided by 755?
7
What is the remainder when 34749 is divided by 19?
17
Calculate the remainder when 18893 is divided by 8716.
1461
Calculate the remainder when 9018987 is divided by 901896.
27
What is the remainder when 1130643 is divided by 3807?
3771
Calculate the remainder when 227620 is divided by 64.
36
What is the remainder when 23227560 is divided by 301?
293
Calculate the remainder when 69884078 is divided by 6079.
5973
What is the remainder when 183903 is divided by 5677?
2239
Calculate the remainder when 4575620 is divided by 127094.
236
Calculate the remainder when 76375 is divided by 8484.
19
What is the remainder when 26702815 is divided by 1988?
1987
What is the remainder when 6737551 is divided by 543?
7
Calculate the remainder when 129413905 is divided by 388.
385
Calculate the remainder when 1327192 is divided by 2349.
7
Calculate the remainder when 29417407 is divided by 47371.
16
Calculate the remainder when 4547681 is divided by 83.
28
Calculate the remainder when 986774 is divided by 41109.
158
What is the remainder when 1452197 is divided by 3256?
21
What is the remainder when 3697976 is divided by 63?
2
Calculate the remainder when 2002719 is divided by 7644.
7635
Calculate the remainder when 89073 is divided by 22249.
77
What is the remainder when 1308776 is divided by 50337?
14
What is the remainder when 1782938996 is divided by 3000?
2996
What is the remainder when 454347786 is divided by 7670?
7666
What is the remainder when 6431503 is divided by 714610?
13
Calculate the remainder when 4767055 is divided by 28.
27
What is the remainder when 34843676 is divided by 288?
284
Calculate the remainder when 5173010 is divided by 338.
258
Calculate the remainder when 501604 is divided by 212.
12
Calculate the remainder when 32811 is divided by 190.
131
Calculate the remainder when 11023198 is divided by 3106.
4
What is the remainder when 199021 is divided by 1610?
991
What is the remainder when 119461 is divided by 2534?
363
What is the remainder when 3271528 is divided by 491?
486
Calculate the remainder when 199218687 is divided by 1782.
1779
What is the remainder when 402850 is divided by 25177?
18
Calculate the remainder when 320094 is divided by 979.
940
Calculate the remainder when 181818 is divided by 1518.
1176
Calculate the remainder when 2242581 is divided by 1121271.
39
Calculate the remainder when 216478 is divided by 8.
6
Calculate the remainder when 227055 is divided by 329.
45
Calculate the remainder when 187161 is divided by 10235.
2931
What is the remainder when 2285 is divided by 572?
569
What is the remainder when 337062063 is divided by 213?
0
Calculate the remainder when 3917125 is divided by 472.
469
Calculate the remainder when 79168293 is divided by 77.
50
What is the remainder when 2016129 is divided by 1069?
1064
What is the remainder when 100409395 is divided by 6142?
6121
Calculate the remainder when 7129839 is divided by 107.
1
Calculate the remainder when 10517333 is divided by 19.
16
What is the remainder when 490666 is divided by 213?
127
Calculate the remainder when 9664234 is divided by 20.
14
What is the remainder when 72403934 is divided by 1744?
30
Calculate the remainder when 140614 is divided by 35018.
542
What is the remainder when 45497099 is divided by 32?
11
Calculate the remainder when 838228 is divided by 93131.
49
Calculate the remainder when 4238230 is divided by 141274.
10
Calculate the remainder when 12696430 is divided by 691.
687
Calculate the remainder when 2302269 is divided by 575513.
217
Calculate the remainder when 45706937 is divided by 83.
82
What is the remainder when 106268 is divided by 6255?
6188
What is the remainder when 392347 is divided by 404?
63
What is the remainder when 1115986 is divided by 278992?
18
Calculate the remainder when 1430601 is divided by 4541.
186
What is the remainder when 35880 is divided by 1608?
504
What is the remainder when 31942 is divided by 15262?
1418
What is the remainder when 953881 is divided by 3?
1
Calculate the remainder when 39681 is divided by 1353.
444
What is the remainder when 19045802 is divided by 171?
164
Calculate the remainder when 1644186 is divided by 10817.
2
What is the remainder when 2097079 is divided by 698917?
328
What is the remainder when 35434831 is divided by 115?
111
Calculate the remainder when 18060 is divided by 23.
5
What is the remainder when 388150 is divided by 694?
204
Calculate the remainder when 6285499 is divided by 471.
4
What is the remainder when 115087712 is divided by 2573?
2568
What is the remainder when 152250 is divided by 259?
217
Calculate the remainder when 8022029 is divided by 368.
365
Calculate the remainder when 62308 is divided by 7788.
4
Calculate the remainder when 461307 is divided by 848.
843
What is the remainder when 15842226 is divided by 3960547?
38
What is the remainder when 7063009 is divided by 1247?
1
Calculate the remainder when 3238985759 is divided by 30.
29
Calculate the remainder when 278170 is divided by 46352.
58
What is the remainder when 8036 is divided by 3739?
558
Calculate the remainder when 544492197 is divided by 1198.
1197
Calculate the remainder when 1828277 is divided by 187.
165
What is the remainder when 323976 is divided by 80972?
88
What is the remainder when 8499753 is divided by 423?
414
Calculate the remainder when 1298695 is divided by 1874.
13
What is the remainder when 5322624 is divided by 56?
48
What is the remainder when 26436355 is divided by 113?
5
What is the remainder when 86797 is divided by 3214?
19
What is the remainder when 299149 is divided by 29?
14
What is the remainder when 4128 is divided by 3973?
155
Calculate the remainder when 16570275 is divided by 5476.
5375
Calculate the remainder when 12766716 is 